base 9?
258
-10101000100011 (base 2) to base 4
-2220203
Convert -146 (base 10) to base 7.
-266
Convert -27894 (base 11) to base 5.
-2232140
907a (base 15) to base 3
1112211021
What is -e39d (base 16) in base 6?
-1125433
Convert 13455 (base 7) to base 2.
111001010010
Convert 27 (base 14) to base 4.
203
Convert 3201 (base 9) to base 2.
100100101110
What is 36211 (base 10) in base 2?
1000110101110011
What is -521 (base 8) in base 6?
-1321
What is -139 (base 12) in base 8?
-275
Convert -36 (base 14) to base 9.
-53
Convert -2010000 (base 3) to base 8.
-3003
Convert 2dc3 (base 15) to base 9.
14463
25466 (base 7) to base 16
1a69
Convert -1255 (base 8) to base 2.
-1010101101
-120121111 (base 3) to base 10
-11380
Convert 760 (base 8) to base 4.
13300
Convert -12151 (base 6) to base 15.
-7ea
bc0 (base 15) to base 16
a5f
Convert -221002 (base 4) to base 8.
-5102
34 (base 16) to base 10
52
What is -2302331 (base 4) in base 7?
-45251
Convert 22304 (base 5) to base 9.
2144
cd9 (base 14) to base 13
1208
What is -120001 (base 3) in base 14?
-210
-279 (base 15) to base 2
-1000110100
1 (base 3) to base 12
1
Convert -a044 (base 16) to base 8.
-120104
What is -11101011100100 (base 2) in base 10?
-15076
What is 1254 (base 9) in base 11?
785
Convert -15073 (base 11) to base 3.
-1002022201
-14434 (base 8) to base 2
-1100100011100
What is 441113 (base 5) in base 10?
15158
Convert 11100111011110 (base 2) to base 9.
22280
Convert -8c3 (base 13) to base 12.
-a5b
What is 157203 (base 8) in base 13?
1cc0a
Convert 9388 (base 11) to base 4.
3002112
111110111100 (base 2) to base 8
7674
What is -13230003 (base 4) in base 15?
-94e6
What is 187 (base 12) in base 9?
304
What is -1102112 (base 3) in base 7?
-3014
What is 10020121101 (base 3) in base 8?
174571
Convert 15b4a (base 13) to base 15.
c447
What is -1403220 (base 5) in base 2?
-110111110010000
1723 (base 10) to base 8
3273
Convert 1a267 (base 11) to base 7.
145260
What is -51276 (base 8) in base 2?
-101001010111110
Convert 550012 (base 6) to base 4.
23010320
What is -309 (base 15) in base 16?
-2ac
-231311 (base 4) to base 12
-1845
Convert 202011 (base 4) to base 12.
1319
What is -3b1b (base 16) in base 13?
-6b6c
What is -1101221100 (base 3) in base 2?
-110110000001001
What is 183b (base 15) in base 6?
40115
-11212 (base 5) to base 10
-807
What is 10310 (base 4) in base 12?
218
Convert 1414 (base 6) to base 13.
226
Convert -e2c (base 16) to base 4.
-320230
137 (base 10) to base 8
211
What is d6 (base 16) in base 3?
21221
-230201 (base 4) to base 13
-13b2
-896 (base 14) to base 10
-1700
-4004 (base 5) to base 3
-200200
34334 (base 10) to base 2
1000011000011110
4505 (base 9) to base 8
6376
Convert -106160 (base 8) to base 11.
-25014
What is 50672 (base 9) in base 12?
17378
-10001001100 (base 2) to base 4
-101030
559 (base 13) to base 5
12134
What is 61653 (base 7) in base 2?
11101011101001
Convert -1111111101101 (base 2) to base 13.
-3949
What is -9b6b (base 12) in base 16?
-4343
Convert 23020 (base 4) to base 9.
871
Convert 228 (base 14) to base 7.
1151
Convert -c0a9 (base 15) to base 11.
-28603
What is -633 (base 10) in base 2?
-1001111001
Convert -100010100 (base 2) to base 8.
-424
Convert -46850 (base 9) to base 8.
-75117
Convert 67da (base 14) to base 11.
125aa
Convert -10014 (base 5) to base 2.
-1001111010
Convert -1323013 (base 4) to base 13.
-3781
Convert 238 (base 14) to base 9.
541
-3637 (base 14) to base 9
-13867
34500 (base 8) to base 2
11100101000000
What is 217 (base 14) in base 13?
25a
What is 3cb9 (base 15) in base 3?
122211110
Convert 43c1 (base 14) to base 6.
130153
-166256 (base 8) to base 2
-1110110010101110
What is -3eff (base 16) in base 4?
-3323333
-1002021102 (base 3) to base 7
-116135
What is -27f (base 16) in base 6?
-2543
What is 14033 (base 5) in base 6?
5143
Convert -1068 (base 10) to base 8.
-2054
1010111001111111 (base 2) to base 5
2412141
What is -154 (base 9) in base 2?
-10000010
120010211 (base 3) to base 10
11038
-318a0 (base 11) to base 2
-1011010011111100
-1100011101001 (base 2) to base 6
-45305
What is -88246 (base 9) in base 13?
-2083b
-3244 (base 6) to base 11
-620
Convert 8665 (base 9) to base 15.
1d52
What is -a0 (base 12) in base 13?
-93
Convert 6b (base 13) to base 6.
225
Convert -5cc2 (base 15) to base 9.
-30082
Convert 200214 (base 7) to base 9.
51230
What is -103222 (base 4) in base 12?
-88a
-1739 (base 13) to base 11
-2637
Convert -11502 (base 6) to base 12.
-b92
Convert -3c (base 13) to base 3.
-1220
Convert -1119 (base 14) to base 8.
-5623
-7004 (base 11) to base 15
-2b66
Convert -1452 (base 7) to base 16.
-240
Convert -200210 (base 3) to base 6.
-2203
-84a (base 11) to base 9
-1355
What is 31 (base 14) in base 9?
47
What is 12033113 (base 4) in base 7?
134342
Convert -1043430 (base 6) to base 13.
-1ac70
Convert -11246 (base 9) to base 8.
-16506
What is -454 (base 14) in base 5?
-11413
Convert 12a38 (base 14) to base 2.
1011001101011010
Convert 1522 (base 11) to base 8.
3650
What is 332215 (base 6) in base 11?
19920
Convert 1316 (base 10) to base 16.
524
Convert -1382 (base 9) to base 11.
-871
What is -30302 (base 5) in base 13?
-b72
Convert -44b (base 13) to base 6.
-3231
-100001111 (base 2) to base 5
-2041
Convert 43161 (base 7) to base 13.
4b60
Convert 1013 (base 4) to base 11.
65
Convert 260 (base 16) to base 11.
503
-362 (base 10) to base 11
-2aa
-21277 (base 8) to base 7
-34635
Convert 2332313 (base 4) to base 2.
10111110110111
What is -110101 (base 4) in base 5?
-20142
2a0c2 (base 13) to base 9
130635
1588 (base 10) to base 4
120310
What is 372 (base 16) in base 3?
1012200
11223 (base 5) to base 15
393
What is -18836 (base 13) in base 16?
-b9ae
Convert 3431 (base 6) to base 14.
41d
Convert ab5 (base 12) to base 2.
11000101001
What is -38565 (base 9) in base 5?
-1312404
What is 253 (base 9) in base 14?
110
Convert -2467 (base 13) to base 15.
-17da
-48a (base 11) to base 5
-4312
-a81 (base 16) to base 14
-da1
2770 (base 9) to base 6
13400
Convert 4244033 (base 5) to base 10.
71768
What is -22035 (base 7) in base 15?
-1979
544 (base 14) to base 13
620
What is 13b01 (base 14) in base 7?
262201
What is 2467 (base 10) in base 3?
10101101
a02 (base 16) to base 3
10111220
101472 (base 8) to base 13
123a2
What is -76452 (base 8) in base 13?
-1177a
What is -41133 (base 6) in base 7?
-21624
4d72 (base 16) to base 14
7322
Convert 4001 (base 7) to base 2.
10101011101
Convert -63aa (base 13) to base 6.
-144005
What is 293 (base 11) in base 14?
1a8
61a (base 11) to base 2
1011101011
Convert -100212121 (base 3) to base 15.
-21ed
Convert 87b (base 16) to base 11.
16a4
Convert 12303 (base 5) to base 7.
2531
Convert -4402 (base 8) to base 12.
-1402
What is -1264 (base 9) in base 11?
-793
What is -6297 (base 10) in base 11?
-4805
Convert -4093 (base 12) to base 8.
-15557
-10012 (base 4) to base 12
-19a
Convert -236 (base 12) to base 2.
-101001010
Convert -5610 (base 7) to base 3.
-2202200
Convert 1021100 (base 3) to base 10.
927
-101100202 (base 3) to base 9
-11322
Convert 5212 (base 14) to base 11.
a684
Convert -2ab9 (base 15) to base 10.
-9174
Convert 45246 (base 7) to base 16.
2cbb
What is 240011 (base 5) in base 3?
110000022
-11330 (base 7) to base 10
-2912
Convert 1472 (base 11) to base 5.
30034
What is 903 (base 12) in base 13?
78c
Convert c3 (base 16) to base 4.
3003
Convert -10261 (base 12) to base 15.
-63b7
Convert 88 (base 10) to base 13.
6a
-110110010110 (base 2) to base 7
-13066
What is -411101 (base 5) in base 7?
-53464
What is -444434 (base 5) in base 7?
-63352
What is 59f (base 16) in base 7?
4124
What is -255420 (base 6) in base 11?
-16533
What is -2105 (base 6) in base 3?
-122112
2340 (base 5) to base 15
180
Convert 522 (base 11) to base 8.
1165
What is 313521 (base 7) in base 3?
2202020010
-221033 (base 5) to base 15
-23e8
Convert 253314 (base 7) to base 8.
133326
1503 (base 13) to base 12
1919
37f1 (base 16) to base 15
439b
What is 5142 (base 8) in base 11?
1aa7
What is 3214 (base 5) in base 11?
365
Convert 122112 (base 4) to base 6.
11450
What is 436b (base 13) in base 5?
300014
-10451 (base 6) to base 13
-892
2392 (base 11) to base 12
1986
What is 264b (base 14) in base 12?
3a8b
Convert 100021212 (base 3) to base 5.
204043
-1010100 (base 4) to base 8
-10420
Wha